{"id":2425,"date":"2016-05-21T15:53:24","date_gmt":"2016-05-21T14:53:24","guid":{"rendered":"http:\/\/chloevollmerlo.net\/photo\/?page_id=2425"},"modified":"2016-11-29T16:18:06","modified_gmt":"2016-11-29T15:18:06","slug":"appel-a-participants-nouvelle-serie-photo-souvenirs-de-paris","status":"publish","type":"page","link":"http:\/\/chloevollmerlo.net\/photo\/appel-a-participants-nouvelle-serie-photo-souvenirs-de-paris\/","title":{"rendered":"Appel \u00e0 participant\u2022e\u2022s &#8211; S\u00e9rie photo  : Souvenirs de Paris"},"content":{"rendered":"<p><span style=\"color: #ff0000;\">\/!\\ La prochaine session de prise de vue aura lieu au printemps, il est donc possible que vous ne receviez pas de nouvelles de votre candidature avant mars.<\/span><\/p>\n<p><strong>Si Paris est une ville d&rsquo;Histoire, avec un grand H, elle est aussi la somme d&rsquo;histoires individuelles cumul\u00e9es. Croisement d&rsquo;anonymes aux trag\u00e9dies et joies ineffables, chaque centim\u00e8tre carr\u00e9 de la capitale a un jour \u00e9t\u00e9 le th\u00e9\u00e2tre d&rsquo;\u00e9motions puissantes. Nous passons chaque jour devant des murs qui ne nous disent rien, nous ne leur accordons pas un regard, et pourtant, pour une personne au moins, ce lieu sera porteur d&rsquo;un souvenir fort.<\/strong><\/p>\n<p>Cette s\u00e9rie de photos entend cartographier Paris sous l&rsquo;angle de ces souvenirs d&rsquo;inconnus. <span style=\"color: #ff0000;\"><strong>Vous pouvez voir <a style=\"color: #ff0000;\" href=\"http:\/\/chloevollmerlo.net\/photo\/perso\/souvenirs-de-paris\/\" target=\"_blank\">les premi\u00e8res images du projet ici<\/a>.<\/strong><\/span><\/p>\n<p>Tout comme pour ma s\u00e9rie <a href=\"http:\/\/chloevollmerlo.net\/photo\/perso\/deluge\/\">D\u00e9luge<\/a>, je souhaite faire appel \u00e0 des personnes qui auraient envie de participer \u00e0 cette aventure. Que vous me connaissiez personnellement ou non, quel que soit votre sexe, votre \u00e2ge, votre couleur de peau ou que sais-je, vous \u00eates le\u2022la bienvenu\u2022e dans ce projet.<\/p>\n<p><img decoding=\"async\" class=\"size-full wp-image-2023 aligncenter\" src=\"http:\/\/chloevollmerlo.net\/photo\/wp-content\/uploads\/2016\/04\/serie-deluge-23.jpg\" alt=\"serie-deluge-23\" width=\"1280\" height=\"368\" srcset=\"http:\/\/chloevollmerlo.net\/photo\/wp-content\/uploads\/2016\/04\/serie-deluge-23.jpg 1280w, http:\/\/chloevollmerlo.net\/photo\/wp-content\/uploads\/2016\/04\/serie-deluge-23-760x219.jpg 760w, http:\/\/chloevollmerlo.net\/photo\/wp-content\/uploads\/2016\/04\/serie-deluge-23-768x221.jpg 768w, http:\/\/chloevollmerlo.net\/photo\/wp-content\/uploads\/2016\/04\/serie-deluge-23-1160x334.jpg 1160w, http:\/\/chloevollmerlo.net\/photo\/wp-content\/uploads\/2016\/04\/serie-deluge-23-522x150.jpg 522w, http:\/\/chloevollmerlo.net\/photo\/wp-content\/uploads\/2016\/04\/serie-deluge-23-360x104.jpg 360w, http:\/\/chloevollmerlo.net\/photo\/wp-content\/uploads\/2016\/04\/serie-deluge-23-200x58.jpg 200w\" sizes=\"(max-width: 1280px) 100vw, 1280px\" \/><\/p>\n<h6 style=\"text-align: center;\">Extrait de la s\u00e9rie <em>D\u00e9luge<\/em><\/h6>\n<p><strong>Les conditions \u00e0 remplir :<\/strong><\/p>\n<ul>\n<li><strong>Votre souvenir doit \u00eatre extr\u00eamement marquant<\/strong> pour vous. Vous n&rsquo;\u00eates pas oblig\u00e9\u2022e de me dire ce dont il s&rsquo;agit, vous devez simplement l&rsquo;avoir en t\u00eate.<\/li>\n<li><strong>Il doit s&rsquo;agit d&rsquo;un souvenir ponctuel, et non pas diffus<\/strong> : un \u00e9v\u00e8nement survenu un jour, et pas une \u00ab\u00a0p\u00e9riode\u00a0\u00bb ou un acte routinier. (Ex : \u00ab\u00a0<em>Quand j&rsquo;\u00e9tais petit\u2022e, j&rsquo;allais souvent donner \u00e0 manger aux pigeons au Jardin du Luxembourg\u00a0\u00bb<\/em> ne fonctionne pas. En revanche, <em>\u00ab\u00a0Le jour o\u00f9 j&rsquo;ai compris que j&rsquo;allais devenir nourrisseur\u2022se de pigeons professionnel\u2022le, alors que j&rsquo;\u00e9tais dans le Jardin du Luxembourg\u00a0\u00bb<\/em> est un souvenir valable).<\/li>\n<li><strong>Il peut s&rsquo;agir d&rsquo;un souvenir heureux ou malheureux<\/strong>. Ce qui importe, c&rsquo;est sa puissance.<\/li>\n<li><strong>Le lieu du souvenir doit \u00eatre accessible au public et plac\u00e9 en ext\u00e9rieur.<\/strong><\/li>\n<li><strong>Il vous faut accepter d&rsquo;appara\u00eetre sur la photo finale,<\/strong> et d&rsquo;y \u00eatre reconnaissable.<\/li>\n<\/ul>\n<p><span style=\"color: #262e8c;\">[ <strong>Je cherche \u00e9galement des assistant\u2022e\u2022s pour cette s\u00e9rie. Si \u00e7a vous int\u00e9resse, <a style=\"color: #262e8c;\" href=\"http:\/\/chloevollmerlo.net\/photo\/appel-assistanat-serie-photo-souvenirs-de-paris\/\">rendez-vous ici<\/a> !<\/strong> ]<\/span><\/p>\n<p><strong>Pour participer, remplissez le formulaire et je vous r\u00e9pondrai au plus vite :<\/strong><\/p>\n\n<div class=\"wpcf7 no-js\" id=\"wpcf7-f2428-o1\" lang=\"fr-FR\" dir=\"ltr\" data-wpcf7-id=\"2428\">\n<div class=\"screen-reader-response\"><p role=\"status\" aria-live=\"polite\" aria-atomic=\"true\"><\/p> <ul><\/ul><\/div>\n<form action=\"\/photo\/wp-json\/wp\/v2\/pages\/2425#wpcf7-f2428-o1\" method=\"post\" class=\"wpcf7-form init\" aria-label=\"Formulaire de contact\" novalidate=\"novalidate\" data-status=\"init\">\n<fieldset class=\"hidden-fields-container\"><input type=\"hidden\" name=\"_wpcf7\" value=\"2428\" \/><input type=\"hidden\" name=\"_wpcf7_version\" value=\"6.1.5\" \/><input type=\"hidden\" name=\"_wpcf7_locale\" value=\"fr_FR\" \/><input type=\"hidden\" name=\"_wpcf7_unit_tag\" value=\"wpcf7-f2428-o1\" \/><input type=\"hidden\" name=\"_wpcf7_container_post\" value=\"0\" \/><input type=\"hidden\" name=\"_wpcf7_posted_data_hash\" value=\"\" \/><input type=\"hidden\" name=\"_wpcf7_recaptcha_response\" value=\"\" \/>\n<\/fieldset>\n<p>Vos noms & pr\u00e9noms<br \/>\n<span class=\"wpcf7-form-control-wrap\" data-name=\"your-name\"><input size=\"30\" maxlength=\"100\" class=\"wpcf7-form-control wpcf7-text wpcf7-validates-as-required\" aria-required=\"true\" aria-invalid=\"false\" value=\"\" type=\"text\" name=\"your-name\" \/><\/span><br \/>\nVotre e-mail<br \/>\n<span class=\"wpcf7-form-control-wrap\" data-name=\"your-email\"><input size=\"40\" maxlength=\"400\" class=\"wpcf7-form-control wpcf7-email wpcf7-validates-as-required wpcf7-text wpcf7-validates-as-email\" aria-required=\"true\" aria-invalid=\"false\" value=\"\" type=\"email\" name=\"your-email\" \/><\/span><br \/>\nVotre num\u00e9ro de t\u00e9l\u00e9phone<br \/>\n<span class=\"wpcf7-form-control-wrap\" data-name=\"tel-14\"><input size=\"40\" maxlength=\"400\" class=\"wpcf7-form-control wpcf7-tel wpcf7-validates-as-required wpcf7-text wpcf7-validates-as-tel\" aria-required=\"true\" aria-invalid=\"false\" value=\"\" type=\"tel\" name=\"tel-14\" \/><\/span><br \/>\nLe lieu de votre souvenir (le plus pr\u00e9cis possible)<br \/>\n<span class=\"wpcf7-form-control-wrap\" data-name=\"lieu\"><input size=\"40\" maxlength=\"400\" class=\"wpcf7-form-control wpcf7-text wpcf7-validates-as-required\" aria-required=\"true\" aria-invalid=\"false\" value=\"\" type=\"text\" name=\"lieu\" \/><\/span>\n<\/p>\n<p>Votre message<br \/>\n<span class=\"wpcf7-form-control-wrap\" data-name=\"message\"><textarea cols=\"40\" rows=\"10\" maxlength=\"2000\" class=\"wpcf7-form-control wpcf7-textarea wpcf7-validates-as-required\" aria-required=\"true\" aria-invalid=\"false\" name=\"message\"><\/textarea><\/span>\n<\/p>\n<p>Une bonne ruse anti-robots :<br \/>\n\n<\/p>\n<p><input class=\"wpcf7-form-control wpcf7-submit has-spinner\" type=\"submit\" value=\"Hop !\" \/>\n<\/p><div class=\"wpcf7-response-output\" aria-hidden=\"true\"><\/div>\n<\/form>\n<\/div>\n\n","protected":false},"excerpt":{"rendered":"<p>\/!\\ La prochaine session de prise de vue aura lieu au printemps, il est donc possible que vous ne receviez pas de nouvelles de votre candidature avant mars. Si Paris est une ville d&rsquo;Histoire, avec un grand H, elle est aussi la somme d&rsquo;histoires individuelles cumul\u00e9es. Croisement d&rsquo;anonymes aux trag\u00e9dies et joies ineffables, chaque centim\u00e8tre [&hellip;]<\/p>\n","protected":false},"author":1,"featured_media":2451,"parent":0,"menu_order":0,"comment_status":"closed","ping_status":"closed","template":"","meta":{"footnotes":""},"class_list":["post-2425","page","type-page","status-publish","has-post-thumbnail","hentry"],"jetpack_sharing_enabled":true,"jetpack_shortlink":"https:\/\/wp.me\/P7mO0O-D7","_links":{"self":[{"href":"http:\/\/chloevollmerlo.net\/photo\/wp-json\/wp\/v2\/pages\/2425","targetHints":{"allow":["GET"]}}],"collection":[{"href":"http:\/\/chloevollmerlo.net\/photo\/wp-json\/wp\/v2\/pages"}],"about":[{"href":"http:\/\/chloevollmerlo.net\/photo\/wp-json\/wp\/v2\/types\/page"}],"author":[{"embeddable":true,"href":"http:\/\/chloevollmerlo.net\/photo\/wp-json\/wp\/v2\/users\/1"}],"replies":[{"embeddable":true,"href":"http:\/\/chloevollmerlo.net\/photo\/wp-json\/wp\/v2\/comments?post=2425"}],"version-history":[{"count":13,"href":"http:\/\/chloevollmerlo.net\/photo\/wp-json\/wp\/v2\/pages\/2425\/revisions"}],"predecessor-version":[{"id":3777,"href":"http:\/\/chloevollmerlo.net\/photo\/wp-json\/wp\/v2\/pages\/2425\/revisions\/3777"}],"wp:featuredmedia":[{"embeddable":true,"href":"http:\/\/chloevollmerlo.net\/photo\/wp-json\/wp\/v2\/media\/2451"}],"wp:attachment":[{"href":"http:\/\/chloevollmerlo.net\/photo\/wp-json\/wp\/v2\/media?parent=2425"}],"curies":[{"name":"wp","href":"https:\/\/api.w.org\/{rel}","templated":true}]}}