{"id":554,"date":"2014-12-04T10:18:44","date_gmt":"2014-12-04T10:18:44","guid":{"rendered":"http:\/\/192.168.1.129\/ie\/?page_id=549"},"modified":"2026-01-16T17:55:12","modified_gmt":"2026-01-16T16:55:12","slug":"mariage-wedding","status":"publish","type":"page","link":"http:\/\/chloevollmerlo.net\/photo\/mariage-wedding\/","title":{"rendered":"Mariage \/ Wedding"},"content":{"rendered":"\n<p class=\"has-vivid-red-color has-text-color has-link-color wp-elements-bad8f5e07a499f6792729c39d972c868\">Je ne propose plus de reportages de mariage, en revanche vous pouvez toujours me contacter avec un maximum de d\u00e9tails (lieu, date, d\u00e9roul\u00e9 approximatif, nombre d\u2019invit\u00e9\u2022es, etc etc\u2026) pour que je vous recommande d\u2019autres photographes !<\/p>\n\n\n\n<p><\/p>\n\n\n\n<p class=\"has-vivid-red-color has-text-color has-link-color wp-elements-73acdb435dd42e16bae36e504b7617f1\">I no longer do wedding photography, you can however contact me providing as much detail as possible (place, date, approximative schedule, number of guests, and so on\u2026) so that I can recommend other photographers !<\/p>\n\n\n\n<h2 class=\"wp-block-heading\"><\/h2>\n","protected":false},"excerpt":{"rendered":"<p>Je ne propose plus de reportages de mariage, en revanche vous pouvez toujours me contacter avec un maximum de d\u00e9tails (lieu, date, d\u00e9roul\u00e9 approximatif, nombre d\u2019invit\u00e9\u2022es, etc etc\u2026) pour que je vous recommande d\u2019autres photographes ! I no longer do wedding photography, you can however contact me providing as much detail as possible (place, date, [&hellip;]<\/p>\n","protected":false},"author":1,"featured_media":0,"parent":0,"menu_order":0,"comment_status":"closed","ping_status":"open","template":"","meta":{"footnotes":""},"class_list":["post-554","page","type-page","status-publish","hentry"],"jetpack_sharing_enabled":true,"jetpack_shortlink":"https:\/\/wp.me\/P7mO0O-8W","_links":{"self":[{"href":"http:\/\/chloevollmerlo.net\/photo\/wp-json\/wp\/v2\/pages\/554","targetHints":{"allow":["GET"]}}],"collection":[{"href":"http:\/\/chloevollmerlo.net\/photo\/wp-json\/wp\/v2\/pages"}],"about":[{"href":"http:\/\/chloevollmerlo.net\/photo\/wp-json\/wp\/v2\/types\/page"}],"author":[{"embeddable":true,"href":"http:\/\/chloevollmerlo.net\/photo\/wp-json\/wp\/v2\/users\/1"}],"replies":[{"embeddable":true,"href":"http:\/\/chloevollmerlo.net\/photo\/wp-json\/wp\/v2\/comments?post=554"}],"version-history":[{"count":10,"href":"http:\/\/chloevollmerlo.net\/photo\/wp-json\/wp\/v2\/pages\/554\/revisions"}],"predecessor-version":[{"id":10991,"href":"http:\/\/chloevollmerlo.net\/photo\/wp-json\/wp\/v2\/pages\/554\/revisions\/10991"}],"wp:attachment":[{"href":"http:\/\/chloevollmerlo.net\/photo\/wp-json\/wp\/v2\/media?parent=554"}],"curies":[{"name":"wp","href":"https:\/\/api.w.org\/{rel}","templated":true}]}}